of 13?
False
Is 7614 a multiple of 39?
False
Does 16 divide 5201?
False
Is 59 a factor of 1062?
True
Is 140 a multiple of 4?
True
Is 34 a factor of 537?
False
Does 3 divide 27565?
False
Does 48 divide 2352?
True
Is 18 a factor of 5363?
False
Is 271 a multiple of 15?
False
Does 32 divide 1632?
True
Does 32 divide 503?
False
Does 135 divide 11070?
True
Is 11 a factor of 495?
True
Is 812 a multiple of 125?
False
Is 14 a factor of 1918?
True
Does 22 divide 1166?
True
Is 6 a factor of 1725?
False
Is 2 a factor of 161?
False
Is 70 a factor of 1561?
False
Is 24 a factor of 71232?
True
Does 45 divide 325?
False
Is 183 a factor of 9150?
True
Does 161 divide 10304?
True
Is 429 a multiple of 12?
False
Is 464 a multiple of 16?
True
Is 27 a factor of 918?
True
Is 168 a factor of 28224?
True
Is 982 a multiple of 18?
False
Does 94 divide 2063?
False
Does 14 divide 56?
True
Is 48 a factor of 29553?
False
Does 67 divide 23986?
True
Does 119 divide 126140?
True
Is 8 a factor of 2480?
True
Does 13 divide 2173?
False
Is 40 a factor of 54444?
False
Is 72 a factor of 1723?
False
Is 3432 a multiple of 39?
True
Is 24 a multiple of 9?
False
Is 3591 a multiple of 9?
True
Is 13 a factor of 2214?
False
Is 102 a factor of 3506?
False
Is 5661 a multiple of 21?
False
Does 16 divide 18848?
True
Does 109 divide 763?
True
Does 2 divide 72?
True
Is 22 a factor of 12254?
True
Is 3731 a multiple of 8?
False
Is 1112 a multiple of 15?
False
Is 11375 a multiple of 60?
False
Is 125 a factor of 8875?
True
Does 19 divide 1558?
True
Is 5 a factor of 2680?
True
Is 8341 a multiple of 14?
False
Is 327 a factor of 44799?
True
Is 50 a factor of 86050?
True
Is 66 a factor of 6951?
False
Is 5 a factor of 215?
True
Is 2716 a multiple of 3?
False
Does 23 divide 168?
False
Is 30231 a multiple of 9?
True
Does 29 divide 2175?
True
Is 33 a factor of 18744?
True
Does 28 divide 42262?
False
Does 81 divide 5184?
True
Is 13 a factor of 1951?
False
Is 18 a factor of 590?
False
Is 69 a multiple of 19?
False
Is 167 a factor of 10855?
True
Is 2 a factor of 89?
False
Does 41 divide 1722?
True
Is 15 a factor of 3570?
True
Is 24702 a multiple of 138?
True
Is 24 a factor of 45286?
False
Is 7 a factor of 2018?
False
Does 76 divide 1810?
False
Does 73 divide 1825?
True
Is 187 a factor of 13368?
False
Does 10 divide 200?
True
Is 4230 a multiple of 5?
True
Does 75 divide 467?
False
Does 10 divide 74710?
True
Is 4748 a multiple of 15?
False
Is 224 a multiple of 28?
True
Is 9 a factor of 1105?
False
Does 37 divide 818?
False
Is 14 a factor of 75536?
False
Is 89110 a multiple of 133?
True
Is 5 a factor of 240?
True
Does 100 divide 13443?
False
Does 54 divide 3551?
False
Is 34 a factor of 3900?
False
Is 29 a factor of 9379?
False
Is 5232 a multiple of 109?
True
Does 30 divide 20732?
False
Does 53 divide 33708?
True
Does 38 divide 380?
True
Does 19 divide 88?
False
Does 51 divide 24602?
False
Is 8 a factor of 146?
False
Does 13 divide 8164?
True
Is 128400 a multiple of 50?
True
Is 530 a multiple of 15?
False
Does 4 divide 10155?
False
Does 46 divide 5455?
False
Is 10 a factor of 5930?
True
Is 5435 a multiple of 8?
False
Is 32 a factor of 41?
False
Is 82 a multiple of 41?
True
Is 42 a factor of 13104?
True
Is 7381 a multiple of 19?
False
Is 1621 a multiple of 26?
False
Does 36 divide 95?
False
Is 15 a factor of 681?
False
Is 33594 a multiple of 33?
True
Does 18 divide 268?
False
Is 50 a factor of 9444?
False
Is 9 a factor of 27801?
True
Is 30996 a multiple of 36?
True
Is 864 a multiple of 32?
True
Does 14 divide 10654?
True
Is 8 a factor of 33216?
True
Is 1710 a multiple of 114?
True
Is 2957 a multiple of 32?
False
Is 320 a multiple of 84?
False
Is 2862 a multiple of 54?
True
Does 11 divide 451?
True
Is 23562 a multiple of 21?
True
Is 302 a factor of 48622?
True
Is 987 a multiple of 47?
True
Is 113 a factor of 678?
True
Is 19 a factor of 17375?
False
Does 133 divide 1459?
False
Is 32634 a multiple of 259?
True
Is 41 a factor of 14965?
True
Does 11 divide 429?
True
Does 7 divide 1663?
False
Does 12 divide 3864?
True
Is 16 a factor of 352?
True
Is 54880 a multiple of 10?
True
Does 219 divide 14016?
True
Is 2287 a multiple of 7?
False
Is 7 a factor of 43824?
False
Is 2536 a multiple of 22?
False
Is 12 a factor of 636?
True
Is 69 a factor of 43649?
False
Does 33 divide 4092?
True
Is 9557 a multiple of 19?
True
Is 1190 a multiple of 4?
False
Is 16 a factor of 2964?
False
Is 35 a factor of 1820?
True
Is 122304 a multiple of 208?
True
Is 218 a factor of 20710?
True
Does 13 divide 878?
False
Is 14 a factor of 476?
True
Is 21 a factor of 949?
False
Is 67 a factor of 1582?
False
Is 2550 a multiple of 170?
True
Is 6 a factor of 112?
False
Does 13 divide 1133?
False
Is 2 a factor of 307?
False
Does 4 divide 112?
True
Is 68 a factor of 28356?
True
Is 41 a multiple of 19?
False
Is 39 a factor of 58972?
False
Is 1022 a multiple of 20?
False
Is 12 a factor of 13824?
True
Is 13 a factor of 460?
False
Does 107 divide 2568?
True
Is 1537 a multiple of 3?
False
Is 40 a factor of 1547?
False
Does 9 divide 3231?
True
Does 10 divide 8028?
False
Is 3969 a multiple of 27?
True
Is 9 a factor of 2328?
False
Is 14114 a multiple of 7?
False
Does 22 divide 88?
True
Is 32 a factor of 8352?
True
Is 7 a factor of 5096?
True
Is 94 a factor of 5304?
False
Is 280 a factor of 15400?
True
Is 7 a factor of 1431?
False
Is 8 a factor of 51921?
False
Does 46 divide 1538?
False
Is 42 a factor of 2526?
False
Is 10 a factor of 4942?
False
Is 13440 a multiple of 70?
True
Does 68 divide 38534?
False
Does 25 divide 914?
False
Does 7 divide 378?
True
Does 44 divide 1190?
False
Does 6 divide 873?
False
Is 43741 a multiple of 31?
True
Does 32 divide 46464?
True
Is 90 a factor of 1260?
True
Is 7 a factor of 38?
False
Does 9 divide 117?
True
Is 9108 a multiple of 36?
True
Does 75 divide 3245?
False
Is 42 a multiple of 3?
True
Is 62 a factor of 5689?
False
Is 18 a factor of 15814?
False
Is 988 a multiple of 8?
False
Is 109 a factor of 10464?
True
Does 112 divide 3136?
True
Is 6 a factor of 4149?
False
Is 41 a factor of 1435?
True
Does 7 divide 1326?
False
Is 17064 a multiple of 9?
True
Is 2000 a multiple of 14?
False
Is 920 a multiple of 29?
False
Is 40089 a multiple of 63?
False
Does 34 divide 347?
False
Does 10 divide 670?
True
Is 54 a factor of 6750?
True
Is 47 a factor of 1034?
True
Is 99 a factor of 594?
True
Is 44 a factor of 660?
True
Is 114 a factor of 41259?
False
Is 40 a factor of 520?
True
Is 40 a factor of 11598?
False
Is 5916 a multiple of 34?
True
Does 18 divide 1448?
False
Is 4245 a multiple of 64?
False
Does 8 divide 1868?
False
Is 330 a multiple of 7?
False
Is 490 a multiple of 98?
True
Does 8 divide 24?
True
Is 12 a factor of 8208?
True
Is 44 a factor of 3300?
True
Is 8 a factor of 594?
False
Is 273 a multiple of 21?
True
Is 33 a factor of 7323?
False
Is 11 a factor of 561?
True
Does 20 divide 1180?
True
Is 5698 a multiple of 40?
False
Does 139 divide 8757?
True
Does 13 divide 2096?
False
Is 22 a factor of 21560?
True
Is 2807 a multiple of 3?
False
Is 34 a factor of 1883?
False
Is 12690 a multiple of 15?
True
Is 7 a factor of 70?
True
Is 37528 a multiple of 23?
False
Is 52374 a multiple of 29?
True
Is 153 a multiple of 16?
False
Is 15 a factor of 390?
True
Is 7366 a multiple of 19?
False
Is 488 a multiple of 122?
True
Is 73 a factor of 1161?
False
Is 744 a multiple of 18?
False
Is 24412 a multiple of 17?
True
Is 2596 a multiple of 29?
False
Is 6229 a multiple of 155?
False
Does 97 divide 37569?
False
Does 64 divide 192?
True
Is 2572 a multiple of 12?
False
Is 8 a factor of 274?
False
Is 3397 a multiple of 36?
False
Is 11 a factor of 346?
False
Is 2 a factor of 112?
True
Does 18 divide 1530?
True
Is 99 a factor of 3366?
True
Is 20054 a multiple of 37?
True
Is 22 a factor of 100?
False
Does 17 divide 30604?
False
Is 561 even?
False
Is 13 a factor of 3381?
False
Is 1596 a multiple of 76?
True
Is 3717 a multiple of 21?
True
Is 720 a multiple of 90?
True
Is 2618 a multiple of 34?
True
Is 196 a factor of 15484?
True
Does 15 divide 1065?
True
Is 27 a factor of 2835?
True
Is 18224 a multiple of 22?
False
Does 9 divide 3627?
True
Is 1010 a multiple of 13?
False
Is 17010 a multiple of 11?
False
Is 2520 a multiple of 63?
True
Does 24 divide 96681?
False
Is 151 a 